t b = 9 + -19. Let v = b - -25. What is the units digit of v?
5
Suppose j + 3*r = 4*j - 234, -r - 406 = -5*j. What is the tens digit of j?
8
What is the units digit of 21/(-2)*(-6)/9?
7
Let q = 12 + -7. Suppose -q*m = -2*m - 36. What is the tens digit of m?
1
Suppose 3*l - 136 - 248 = 0. What is the hundreds digit of l?
1
Let l(r) = -2*r**2. Let k be l(2). Let i(c) = c**2 + 6*c - 4. What is the tens digit of i(k)?
1
Let l(c) be the second derivative of c**4/4 + c**3/3 - c**2/2 + 2*c. What is the units digit of l(-2)?
7
Let b(a) = a**2 - 6*a + 7. What is the units digit of b(5)?
2
Suppose 4*p = -p. Suppose -t = t + c - 15, 5*t = -3*c + 37. Suppose 0 = -2*o - p*o + 4*j - t, 5*j = 2*o + 12. What is the units digit of o?
4
Suppose 5*x - 157 = 33. What is the units digit of x?
8
Let f(y) = -14*y - 5. What is the units digit of f(-4)?
1
Suppose 0 = 2*g - 0 - 4. What is the units digit of g + (-3 - -2) - -8?
9
Let v(t) be the second derivative of -t**3/2 + 20*t**2 - 6*t. What is the tens digit of v(0)?
4
Suppose -5*m = -2*m, x = 5*m + 35. Let i = x - 3. What is the tens digit of i?
3
Let o(z) be the first derivative of z**2 + 2*z - 3. What is the tens digit of o(10)?
2
Let g(c) = 3*c**3 - 4*c**2 - 2*c - 2. What is the hundreds digit of g(4)?
1
Let s(j) = 5*j - 4. Let z be s(-8). Let u = 62 + z. What is the tens digit of u?
1
What is the units digit of (35 + -9)*(-2)/(-4)?
3
Let h = -5 + 3. Let z = 3 - h. What is the units digit of z?
5
Let n(z) = -z**3 + 6*z**2 + 2*z + 2. What is the hundreds digit of n(-4)?
1
Let f(g) be the first derivative of g**4/4 + 2*g**3 + 2*g**2 - 4*g + 3. What is the units digit of f(-5)?
1
Suppose -5*c + 204 = 34. What is the tens digit of c?
3
Let k(f) be the second derivative of -7*f**5/4 + f**4/12 + f**3/3 + f**2 - 6*f. What is the tens digit of k(-1)?
3
Suppose -2 = 3*p - 2*p. Let n = p + 5. What is the units digit of n?
3
Let s(g) = -6*g + 3*g**2 + 11 + 18*g - 3*g**2 + g**2. What is the tens digit of s(-13)?
2
Let w(y) = 4*y + 35. What is the units digit of w(-8)?
3
Suppose 5*v + 2*r = -18, r - 2 = 3*v - 0. Suppose 7*o - 20 = 2*o. Let x = o + v. What is the units digit of x?
2
Suppose 0 = -6*m - 9 + 291. What is the units digit of m?
7
Suppose 0 = 5*a - 4*f + 3*f + 5, 2*f = -a + 10. Let h(k) = k**2 - k + 2. Let i be h(a). Suppose -9 - 3 = -i*p. What is the units digit of p?
6
Suppose 0 = 6*b - b + 10. Let k be (-13)/(-4) - b/(-8). Suppose 5*t - k*t = 14. What is the units digit of t?
7
Let j(y) = -y - 1. Let v(f) = 3*f - 1. Let w(d) = 5*j(d) + v(d). Let k be w(-8). Let r = 0 + k. What is the tens digit of r?
1
Let n = 1 + 2. Suppose n*x = 7*x - 12. Suppose i - 57 = -x*q, 2*i = 4*i. What is the tens digit of q?
1
Suppose b - 2*b + 11 = 0. Let g = b + -8. Suppose -2*s = 3*r - 17, r - g*r - 2 = 0. What is the tens digit of s?
1
Suppose -3*r - 15 - 38 = -4*i, -4*i - r + 57 = 0. Let z = i + -7. What is the units digit of z?
7
Suppose -3 = -x - 1. Suppose 51 = 4*m + 5*r, -x*m + 1 = -5*r - 2. What is the units digit of m?
9
Let s = -1 - -6. What is the units digit of s?
5
Suppose -d + 2*b + b + 146 = 0, 4*d + 3*b - 539 = 0. What is the tens digit of d?
3
Let m(c) = c**3 - c**2 - 2*c + 1. Let n be m(2). Let h = -1 + n. Suppose h = d - 4*d - 4*l + 37, d = -5*l + 27. What is the units digit of d?
7
Let x(b) = -9 + b + b**2 - 5*b - b. Let z be x(7). Let m(c) = c. What is the units digit of m(z)?
5
Suppose 0*s + 348 = 2*s. What is the tens digit of s?
7
Suppose 199 = 5*x - 141. What is the units digit of x?
8
Suppose 0 = -3*s + 5*s - 38. What is the tens digit of s?
1
Let y(t) = -t + 4. Let o be y(-3). Suppose 2*q = 2*m + 8, 3*m = o - 1. Suppose -q*b + 3*b + 27 = 3*i, -i - 5 = -b. What is the units digit of b?
7
Let j(h) = 5*h + 1 - 3 - 4*h. Let w be j(2). What is the units digit of w - (3/(-3))/1?
1
Suppose s - 55 = -2*s - 5*k, -101 = -5*s + k. Let u be 8/s - 83/(-5). Let b = u - 12. What is the units digit of b?
5
Suppose 31 + 55 = 2*p. Suppose -5*j + 177 = -p. What is the tens digit of j?
4
Let a(w) = -w. Let h be a(-4). Let j be 208/36 - h/(-18). Suppose -j = -2*l + 6. What is the units digit of l?
6
What is the units digit of (-1)/(-2) - (-568)/16?
6
Let i(a) = a**3 + 5*a**2 - 11*a - 9. What is the units digit of i(-4)?
1
Let y be ((-38)/(-1))/(10/80). What is the units digit of y/9 - 10/(-45)?
4
Let w(n) = n**3 + 6*n**2 + 4*n - 1. Let x be (3/6)/(-1)*10. Let y be w(x). Let u = 10 - y. What is the units digit of u?
6
Suppose -144 = -o + 3. What is the units digit of o?
7
What is the tens digit of 4041/57 - 10/(-95)?
7
Let i be -4*(15/(-6))/5. Let h = i - 2. Suppose -4*j + 14 = 3*b, -3*b - 4*j + j + 15 = h. What is the units digit of b?
6
Let h be (-2)/(-7) - 782/(-7). Suppose -4*q + k + 144 = 0, 4*k + h = 3*q - 9. What is the units digit of q?
5
Suppose -5*d - 2 + 22 = 0. Let x(z) = 7*z + 4. What is the tens digit of x(d)?
3
Suppose v = -5*o + 17, 2*o - 4*v - v + 4 = 0. Suppose 81 = c + 5*f + 21, 4*f = -2*c + 96. Suppose -i = o*i - c. What is the units digit of i?
0
Suppose 3*t - 71 = 73. What is the units digit of t?
8
Let m(o) = 5*o - 12. Let l(t) = t. Let k(j) = 6*l(j) - m(j). What is the tens digit of k(13)?
2
What is the tens digit of 63 - 1/((-5)/(-20))?
5
Let d = 50 + -27. Let c = d + -10. What is the tens digit of c?
1
Suppose -g + 21 = j, 0*j + 3*g = -2*j + 47. What is the tens digit of j?
1
Suppose -5*a + 6 = -9. What is the tens digit of (140/15)/(a/9)?
2
Let f be (-2 + 44)*(-1)/(-2). Suppose -3*i + f = -5*n, i - 4 = 2*n + 4. Suppose 4*b - i*m = -7*m + 21, -b + m = -12. What is the units digit of b?
9
Let v(p) = p + 8. Let h = 2 + 4. What is the units digit of v(h)?
4
Let l be -5*((-3)/(-15) - 1). Suppose -3*q - 4*u = 23, 3*q - 6*u + 11 = -l*u. What is the tens digit of 2*-10*q/10?
1
Let i = -5 + 7. What is the units digit of ((-35)/(-20))/(i/8)?
7
Let q(k) = 2*k - 2. Let l be q(4). Let d(i) = -1 + 2*i + 2 - 4. What is the units digit of d(l)?
9
Let i = -2 + 6. Suppose -h + 0*k = -4*k - 26, -4*h + 24 = i*k. What is the units digit of h?
0
Suppose -3*g = 5*x + 26, -2*g - 2*g - 16 = 2*x. What is the units digit of (g/(-3))/(4/78)?
3
Suppose 6 = 3*y - y. What is the units digit of y?
3
Let l = -24 - -9. Let h(q) = -q**2 + 4*q - 1. Let x be h(4). What is the units digit of -2*x/(-6)*l?
5
Let o(a) = -4*a - 4*a + 7*a - 5. Let p be o(-4). What is the units digit of 2/8*(p + 5)?
1
Suppose 2*m = -10 + 76. Suppose -5*g - 13 + m = 0. Suppose 0*w - 19 = -2*l + w, -12 = g*w. What is the units digit of l?
8
Suppose -4*u + 0*a = 5*a - 94, -3*u + 3*a + 57 = 0. Suppose -9 = 2*s - u. What is the units digit of s?
6
Suppose 5*g - 13 = y, y = 2*g - 2*y - 13. Let m(t) = 5*t - 3. Let v be m(g). Let d(a) = a**2 - 5*a - 6. What is the units digit of d(v)?
8
Let h(t) = 7*t**2 + 10*t + 18. What is the units digit of h(-4)?
0
Suppose 3*a - 5*o = -a + 567, -2*a + 5*o = -271. What is the units digit of a?
8
Suppose 5*p + 558 = -m - 3*m, -3*m + 4*p - 403 = 0. What is the units digit of 6/(-27) - m/9?
5
Suppose 7*x - 2*x = 160. What is the tens digit of x?
3
Let y(i) = 8*i**2 + 8*i - 15. What is the hundreds digit of y(-5)?
1
Let j be ((-18)/15)/((-2)/5). Let u(q) = 2*q - 1. What is the units digit of u(j)?
5
Let w be (-11)/(-88) - (-39)/8. Suppose -w - 27 = -s. What is the tens digit of s?
3
What is the units digit of 38/4 - 12/8?
8
Let l be (6/3)/(2/1). Suppose -4*h + 5 = y + 20, 4*h = 0. What is the units digit of ((-5)/y)/(l/21)?
7
Let n be (-2)/(-3) - (-118)/(-6). Let d = n - -31. Suppose f - d = -4. What is the units digit of f?
8
Suppose 2*z - 2 = -0*z. Let l = -2 - z. Let d = l + 10. What is the units digit of d?
7
Suppose -20 = -5*v, 4*v - 3*v + 34 = d. What is the units digit of d?
8
Let g(j) = 16*j + 9. What is the tens digit of g(4)?
7
Suppose 5*f - w = 144, 3*w = 3*f - f - 68. What is the units digit of f?
8
Suppose -4*m = -12, -5*j + 3*m = m - 154. Let a = j + -17. What is the units digit of 6/a + 43/5?
9
What is the units digit of (0 - (-2 - -1)) + 44?
5
Let p be (-1)/(-2)*(-3 + 47). Suppose 4*h = p + 46. What is the units digit of h?
7
What is the tens digit of (-29)/((4 + -5)*(-1 + 2))?
2
Let c(q) = q**3 + 7*q**2 - 7*q + 4. Let a be c(-8). What is the tens digit of (-500)/(-16) + 1/a?
3
Let n = -70 - -131. What is the tens 